{"id":303,"date":"2019-09-12T02:43:58","date_gmt":"2019-09-12T06:43:58","guid":{"rendered":"http:\/\/blogs.bard.edu\/commonground\/?page_id=303"},"modified":"2023-03-10T16:29:03","modified_gmt":"2023-03-10T21:29:03","slug":"suzanne-kite","status":"publish","type":"page","link":"https:\/\/blogs.bard.edu\/commonground\/suzanne-kite\/","title":{"rendered":"Suzanne Kite"},"content":{"rendered":"<article id=\"artist-page\">\n<p style=\"text-align: right\"><em>A\u01e7\u00fayabskuyela (cassiterite for tin), Kite, 2020. Silicon, plaster, Styrofoam, laser jet print.<\/em><\/p>\n<p style=\"text-align: right\"><em><span style=\"font-weight: 400\">This cake mourns the land destroyed and the beings human and nonhuman which were harmed by the mining of cassiterite. This performance asks <\/span><span style=\"font-weight: 400\">&#8220;How do I learn to mourn? How do our relatives support our mourning?&#8221;<\/span><\/em><\/p>\n<h1>About<\/h1>\n<p><a href=\"http:\/\/kitekitekitekite.com\/\"><b>Kite aka Suzanne Kite<\/b><\/a><span style=\"font-weight: 400\"> is an Ogl\u00e1la Lak\u021f\u00f3ta performance artist, visual artist, and composer raised in Southern California, with a BFA from CalArts in music composition, an MFA from Bard College\u2019s Milton Avery Graduate School, and is a PhD candidate at Concordia University for the forthcoming dissertation, sound and video work, and interactive installation H\u00e9l \u010dha\u014bk\u00fa ki\u014b \u021fp\u00e1ye (There lies the road). Kite\u2019s scholarship and practice explores contemporary Lakota ontology through research-creation, computational media, and performance. Kite often works in collaboration, especially with family and community members. Her art practice includes developing Machine Learning and compositional systems for body interface movement performances, interactive and static sculpture, immersive video and sound installations, poetry and experimental lectures, experimental video, as well as co-running the experimental electronic imprint, Unheard Records. Her work has been featured in various publications, including the American Indian Culture and Research Journal, the Journal of Design and Science (MIT Press), with the award winning article, \u201cMaking Kin with Machines\u201d, and the sculpture \u00cdnyan Iy\u00e9 (Telling Rock) (2019) was featured on the cover of Canadian Art.<\/span><\/p>\n<h1><strong><i>A\u01e7\u00fayabskuyela<\/i> <\/strong><\/h1>\n<h2><b>Suzanne Kite<\/b> | Live Arts Bard Commission | Live Premiere<\/h2>\n<p><i><span style=\"font-weight: 400\">A\u01e7\u00fayabskuyela<\/span><\/i><span style=\"font-weight: 400\"> is an ongoing project that commemorates human, environmental, and cultural loss through the communal creation of a Lakota mourning cake, considering protocols for mourning to process the death of human and nonhuman beings. In this iteration Kite will create four cakes over four performances, each decorate<\/span><span style=\"font-weight: 400\">d in real time while in conversation with a guest. Each cake will mourn an extinct plant or animal kin from the area. <\/span><span style=\"font-weight: 400\">Following what has been described as \u201cpublic discourse around the kitchen table,\u201d the cake is served to the audience. Guests in discussion include artist Alisha B. Wormsley, <\/span><span style=\"font-weight: 400\">Tuscarora artist and scholar Jolene Rickard, Kite\u2019s cousin and traditional brother Corey Stover, and scholar Lou Cornum.<\/span><\/p>\n<p><span style=\"font-weight: 400\">Kite is in conversation with chef Sean Sherman to collaborate on the creation of the recipe for the cakes. The performances will occur at Bard during the Biennial Festival, May 4-7, 2023, which will be the first time <\/span><i><span style=\"font-weight: 400\">A\u01e7\u00fayabskuyela <\/span><\/i><span style=\"font-weight: 400\">will be performed and practiced live.<\/span><\/p>\n<p><span style=\"font-weight: 400\">The project is a practice of Lakota mourning traditions, which include the baking and sharing of a cake, and is intended to pay homage to Indigenous ancestors, traditions, and lifeways.<\/span><\/p>\n<h2 style=\"text-align: center;padding-top: 30px\"><a href=\"https:\/\/fishercenter.bard.edu\/events\/liveartsbard\/\">Live Arts Bard at the Fisher Center \u2192<\/a><\/h2>\n<\/article>\n","protected":false},"excerpt":{"rendered":"<p>A\u01e7\u00fayabskuyela (cassiterite for tin), Kite, 2020. Silicon, plaster, Styrofoam, laser jet print. This cake mourns the land destroyed and the beings human and nonhuman which were harmed by the mining of cassiterite. This performance asks &#8220;How do I learn to mourn? How do our relatives support our mourning?&#8221; About Kite aka Suzanne Kite is an [&hellip;]<\/p>\n","protected":false},"author":733,"featured_media":724,"parent":0,"menu_order":0,"comment_status":"closed","ping_status":"closed","template":"","meta":{"footnotes":""},"class_list":["post-303","page","type-page","status-publish","has-post-thumbnail","hentry"],"jetpack_sharing_enabled":true,"_links":{"self":[{"href":"https:\/\/blogs.bard.edu\/commonground\/wp-json\/wp\/v2\/pages\/303","targetHints":{"allow":["GET"]}}],"collection":[{"href":"https:\/\/blogs.bard.edu\/commonground\/wp-json\/wp\/v2\/pages"}],"about":[{"href":"https:\/\/blogs.bard.edu\/commonground\/wp-json\/wp\/v2\/types\/page"}],"author":[{"embeddable":true,"href":"https:\/\/blogs.bard.edu\/commonground\/wp-json\/wp\/v2\/users\/733"}],"replies":[{"embeddable":true,"href":"https:\/\/blogs.bard.edu\/commonground\/wp-json\/wp\/v2\/comments?post=303"}],"version-history":[{"count":8,"href":"https:\/\/blogs.bard.edu\/commonground\/wp-json\/wp\/v2\/pages\/303\/revisions"}],"predecessor-version":[{"id":725,"href":"https:\/\/blogs.bard.edu\/commonground\/wp-json\/wp\/v2\/pages\/303\/revisions\/725"}],"wp:featuredmedia":[{"embeddable":true,"href":"https:\/\/blogs.bard.edu\/commonground\/wp-json\/wp\/v2\/media\/724"}],"wp:attachment":[{"href":"https:\/\/blogs.bard.edu\/commonground\/wp-json\/wp\/v2\/media?parent=303"}],"curies":[{"name":"wp","href":"https:\/\/api.w.org\/{rel}","templated":true}]}}