{"id":13350,"date":"2023-03-13T13:26:11","date_gmt":"2023-03-13T17:26:11","guid":{"rendered":"https:\/\/chra.bard.edu\/?post_type=tribe_events&#038;p=13350"},"modified":"2023-03-13T13:35:04","modified_gmt":"2023-03-13T17:35:04","slug":"set-off","status":"publish","type":"tribe_events","link":"https:\/\/blogs.bard.edu\/chra\/event\/set-off\/","title":{"rendered":"Archival Collective Counter-Imagination, Part 2: Set Off [Gitmek] and The Material Aesthetic Research Collective"},"content":{"rendered":"<p>CHRA is hosting a screening and discussion on Monday, April 3, 5pm, at Weis Cinema, as part of <i>Archival Collective Counter\u2013Imagination<\/i>, a two-part program curated by art historian and current CHRA Fellow Lara Fresko Madra.<\/p>\n<p>The event will include a screening of <i>Set Off [Gitmek] <\/i>by Mustafa Emin B\u00fcy\u00fckco\u015fkun of The Material Aesthetic Research Collective [Maddi Estetik Ara\u015ft\u0131rma Kolektifi], with a discussion with director Mustafa Emin B\u00fcy\u00fckco\u015fkun and Lara Fresko Madra.<\/p>\n<p><i>Set Off [Gitmek]<\/i> <span style=\"font-weight: 400\">(2019, 60 min.) is a documentary film by Mustafa Emin B\u00fcy\u00fckco\u015fkun, with testimony on how to deal with recording the present in the aftermath of the Suru\u00e7 bombing which took the life of 33 and injured 103 socialist students who were about to set off to bring humanitarian aid to Rojava in the summer of 2015. The event will also include selections from Material Aesthetic Research Collective\u2019s Media Artifacts of Public Truth project, based on the video archive created by the music producer \u015eanar Yurdatapan.<\/span><\/p>\n<p>Material Aesthetic Research Collective [Maddi Estetik Ara\u015ft\u0131rma Kolektifi] <span style=\"font-weight: 400\">focuses their attention on recovering and redistributing the documentary archives of the 1990s, a moment in Turkey when new moving image technologies were levied against state violence.\u00a0<\/span><\/p>\n<p><span style=\"font-weight: 400\">Archives are often thought of in terms of possession belonging to a family, organization, or country. Calls for the decolonization of museums have been leading the charge in envisioning images, objects, and archives as traces of colonial dispossession. Brushing the archive against the grain, it is possible to listen to its absences.\u00a0<\/span><\/p>\n<p><i><span style=\"font-weight: 400\">Archival Collective Counter\u2013Imagination<\/span><\/i><span style=\"font-weight: 400\"> brings together two collective endeavors: The Rojava Film Commune based in northern Syria and the Material Aesthetic Research Collective from Turkey and its diasporas think through archives not only in who they belong to, but also how they generate a sense of belonging. In engaging the moving image as a site of negotiation and building collectivity these endeavors are concerned with how they create and re-create past and future community. This program explores the two group\u2019s modes of social organization around the moving image that cross and, at times, defy the horizon of the nation-state.\u00a0<\/span><\/p>\n<p><img fetchpriority=\"high\" decoding=\"async\" class=\"alignnone size-full wp-image-13352\" src=\"https:\/\/chra.bard.edu\/files\/2023\/03\/Mustafa-Emin-Buyukcoskun-Tapes-and-Guns-courtesy-of-artist-and-Sanar-Yurdatapan-Archives.jpg\" alt=\"\" width=\"2435\" height=\"1842\" srcset=\"https:\/\/blogs.bard.edu\/chra\/files\/2023\/03\/Mustafa-Emin-Buyukcoskun-Tapes-and-Guns-courtesy-of-artist-and-Sanar-Yurdatapan-Archives.jpg 2435w, https:\/\/blogs.bard.edu\/chra\/files\/2023\/03\/Mustafa-Emin-Buyukcoskun-Tapes-and-Guns-courtesy-of-artist-and-Sanar-Yurdatapan-Archives-768x581.jpg 768w, https:\/\/blogs.bard.edu\/chra\/files\/2023\/03\/Mustafa-Emin-Buyukcoskun-Tapes-and-Guns-courtesy-of-artist-and-Sanar-Yurdatapan-Archives-1536x1162.jpg 1536w, https:\/\/blogs.bard.edu\/chra\/files\/2023\/03\/Mustafa-Emin-Buyukcoskun-Tapes-and-Guns-courtesy-of-artist-and-Sanar-Yurdatapan-Archives-2048x1549.jpg 2048w, https:\/\/blogs.bard.edu\/chra\/files\/2023\/03\/Mustafa-Emin-Buyukcoskun-Tapes-and-Guns-courtesy-of-artist-and-Sanar-Yurdatapan-Archives-500x378.jpg 500w\" sizes=\"(max-width: 2435px) 100vw, 2435px\" \/><\/p>\n","protected":false},"excerpt":{"rendered":"<p>CHRA is hosting a screening and discussion on Monday, April 3, 5pm, at Weis Cinema, as part of Archival Collective Counter\u2013Imagination, a two-part program curated by art historian and current [&hellip;]<\/p>\n","protected":false},"author":1406,"featured_media":9531,"template":"","meta":{"_acf_changed":false,"_tribe_events_status":"","_tribe_events_status_reason":"","_tribe_events_is_hybrid":"","_tribe_events_is_virtual":"","_tribe_events_virtual_video_source":"","_tribe_events_virtual_embed_video":"","_tribe_events_virtual_linked_button_text":"","_tribe_events_virtual_linked_button":"","_tribe_events_virtual_show_embed_at":"","_tribe_events_virtual_show_embed_to":[],"_tribe_events_virtual_show_on_event":"","_tribe_events_virtual_show_on_views":"","_tribe_events_virtual_url":"","footnotes":"","_links_to":"","_links_to_target":""},"tags":[180],"tribe_events_cat":[100],"class_list":["post-13350","tribe_events","type-tribe_events","status-publish","has-post-thumbnail","hentry","tag-spring-2023","tribe_events_cat-screening","cat_screening"],"acf":[],"jetpack_sharing_enabled":true,"_links":{"self":[{"href":"https:\/\/blogs.bard.edu\/chra\/wp-json\/wp\/v2\/tribe_events\/13350","targetHints":{"allow":["GET"]}}],"collection":[{"href":"https:\/\/blogs.bard.edu\/chra\/wp-json\/wp\/v2\/tribe_events"}],"about":[{"href":"https:\/\/blogs.bard.edu\/chra\/wp-json\/wp\/v2\/types\/tribe_events"}],"author":[{"embeddable":true,"href":"https:\/\/blogs.bard.edu\/chra\/wp-json\/wp\/v2\/users\/1406"}],"version-history":[{"count":5,"href":"https:\/\/blogs.bard.edu\/chra\/wp-json\/wp\/v2\/tribe_events\/13350\/revisions"}],"predecessor-version":[{"id":13353,"href":"https:\/\/blogs.bard.edu\/chra\/wp-json\/wp\/v2\/tribe_events\/13350\/revisions\/13353"}],"wp:featuredmedia":[{"embeddable":true,"href":"https:\/\/blogs.bard.edu\/chra\/wp-json\/wp\/v2\/media\/9531"}],"wp:attachment":[{"href":"https:\/\/blogs.bard.edu\/chra\/wp-json\/wp\/v2\/media?parent=13350"}],"wp:term":[{"taxonomy":"post_tag","embeddable":true,"href":"https:\/\/blogs.bard.edu\/chra\/wp-json\/wp\/v2\/tags?post=13350"},{"taxonomy":"tribe_events_cat","embeddable":true,"href":"https:\/\/blogs.bard.edu\/chra\/wp-json\/wp\/v2\/tribe_events_cat?post=13350"}],"curies":[{"name":"wp","href":"https:\/\/api.w.org\/{rel}","templated":true}]}}

<p>CHRA is hosting a screening and discussion on Monday, April 3, 5pm, at Weis Cinema, as part of <i>Archival Collective Counter–Imagination</i>, a two-part program curated by art historian and current CHRA Fellow Lara Fresko Madra.</p>
<p>The event will include a screening of <i>Set Off [Gitmek] </i>by Mustafa Emin Büyükcoşkun of The Material Aesthetic Research Collective [Maddi Estetik Araştırma Kolektifi], with a discussion with director Mustafa Emin Büyükcoşkun and Lara Fresko Madra.</p>
<p><i>Set Off [Gitmek]</i> <span style="font-weight: 400">(2019, 60 min.) is a documentary film by Mustafa Emin Büyükcoşkun, with testimony on how to deal with recording the present in the aftermath of the Suruç bombing which took the life of 33 and injured 103 socialist students who were about to set off to bring humanitarian aid to Rojava in the summer of 2015. The event will also include selections from Material Aesthetic Research Collective’s Media Artifacts of Public Truth project, based on the video archive created by the music producer Şanar Yurdatapan.</span></p>
<p>Material Aesthetic Research Collective [Maddi Estetik Araştırma Kolektifi] <span style="font-weight: 400">focuses their attention on recovering and redistributing the documentary archives of the 1990s, a moment in Turkey when new moving image technologies were levied against state violence. </span></p>
<p><span style="font-weight: 400">Archives are often thought of in terms of possession belonging to a family, organization, or country. Calls for the decolonization of museums have been leading the charge in envisioning images, objects, and archives as traces of colonial dispossession. Brushing the archive against the grain, it is possible to listen to its absences. </span></p>
<p><i><span style="font-weight: 400">Archival Collective Counter–Imagination</span></i><span style="font-weight: 400"> brings together two collective endeavors: The Rojava Film Commune based in northern Syria and the Material Aesthetic Research Collective from Turkey and its diasporas think through archives not only in who they belong to, but also how they generate a sense of belonging. In engaging the moving image as a site of negotiation and building collectivity these endeavors are concerned with how they create and re-create past and future community. This program explores the two group’s modes of social organization around the moving image that cross and, at times, defy the horizon of the nation-state. </span></p>
<p><img fetchpriority="high" decoding="async" class="alignnone size-full wp-image-13352" src="https://chra.bard.edu/files/2023/03/Mustafa-Emin-Buyukcoskun-Tapes-and-Guns-courtesy-of-artist-and-Sanar-Yurdatapan-Archives.jpg" alt="" width="2435" height="1842" srcset="https://blogs.bard.edu/chra/files/2023/03/Mustafa-Emin-Buyukcoskun-Tapes-and-Guns-courtesy-of-artist-and-Sanar-Yurdatapan-Archives.jpg 2435w, https://blogs.bard.edu/chra/files/2023/03/Mustafa-Emin-Buyukcoskun-Tapes-and-Guns-courtesy-of-artist-and-Sanar-Yurdatapan-Archives-768x581.jpg 768w, https://blogs.bard.edu/chra/files/2023/03/Mustafa-Emin-Buyukcoskun-Tapes-and-Guns-courtesy-of-artist-and-Sanar-Yurdatapan-Archives-1536x1162.jpg 1536w, https://blogs.bard.edu/chra/files/2023/03/Mustafa-Emin-Buyukcoskun-Tapes-and-Guns-courtesy-of-artist-and-Sanar-Yurdatapan-Archives-2048x1549.jpg 2048w, https://blogs.bard.edu/chra/files/2023/03/Mustafa-Emin-Buyukcoskun-Tapes-and-Guns-courtesy-of-artist-and-Sanar-Yurdatapan-Archives-500x378.jpg 500w" sizes="(max-width: 2435px) 100vw, 2435px" /></p>
